 what is -22236 + -1002413?
-1024652
In base 3, what is -21 + -112122221211111?
-112122221211202
In base 10, what is -62 - 599520?
-599582
In base 8, what is 5556140112 - 0?
5556140112
In base 14, what is -1 + -1566381?
-1566382
In base 15, what is -1 + 13b054c?
13b054b
In base 13, what is 27 + -38b014?
-38acba
In base 10, what is 1622886 + 119?
1623005
In base 4, what is -220 - -3223001130?
3223000310
In base 3, what is -10110220210120 - -2?
-10110220210111
In base 3, what is 110221100 - -222221121?
1110212221
In base 16, what is -1b15a - 71?
-1b1cb
In base 6, what is -12332322 - 25?
-12332351
In base 7, what is -1005531632 - 0?
-1005531632
In base 5, what is 12042 - -2404144?
2421241
In base 8, what is -254 + -311631?
-312105
In base 7, what is -2 + -1010555?
-1010560
In base 5, what is 42211200 - 2110?
42204040
In base 15, what is 326 - 10857?
-10531
In base 16, what is -65e - 8e3?
-f41
In base 16, what is 11a - 4ec9?
-4daf
In base 4, what is -2011 + -1131133000?
-1131201011
In base 14, what is -438371 + 9?
-438366
In base 2, what is -1110101110111001 + -1101100011?
-1110111100011100
In base 5, what is -2 + -20014030440?
-20014030442
In base 12, what is 1448a5 + 58?
144941
In base 14, what is -18a61 - 6bc?
-1933d
In base 16, what is 3c0 - 1b054?
-1ac94
In base 5, what is -3 - 303343143412?
-303343143420
In base 13, what is -5824959 + -3?
-582495c
In base 11, what is 232 - 756?
-524
In base 9, what is -378 + -136445?
-136834
In base 5, what is 114314 - -40343?
210212
In base 6, what is -1454443 - 55230?
-1554113
In base 10, what is -1649792 + 3?
-1649789
In base 9, what is -240325 + 172?
-240143
In base 6, what is -1150 - 51253045?
-51254235
In base 6, what is -11 - 1202334402?
-1202334413
In base 16, what is -27e + 3208?
2f8a
In base 2, what is 10101010101011100111101 + -10?
10101010101011100111011
In base 9, what is -565654650 + 0?
-565654650
In base 3, what is 220201 - -101011221?
102002122
In base 4, what is -13011130233233 + 10?
-13011130233223
In base 10, what is 536 + -264014?
-263478
In base 2, what is -11100111010000011 - -100111100010?
-11100010010100001
In base 14, what is 4b62 - -472b?
948d
In base 11, what is 12a1 + 437a?
5670
In base 6, what is 4052 - 535254?
-531202
In base 14, what is 2ab9 - -1a57?
4732
In base 2, what is -10101101101 - 11110110101101000?
-11111001011010101
In base 13, what is 4676 + 94a6?
10b4c
In base 8, what is 14233124 + -4?
14233120
In base 15, what is -2d47 + -7551?
-a398
In base 11, what is 41 - 78491?
-78450
In base 3, what is 121122120100 + 2120?
121122122220
In base 6, what is 3 + -2000131202?
-2000131155
In base 3, what is -1120022 - 1021222112?
-1100112211
In base 8, what is -263 - -43132?
42647
In base 2, what is 0 - -1010110101011110011110010100?
1010110101011110011110010100
In base 16, what is -16bdc1 - -31?
-16bd90
In base 10, what is -2943 - 92976?
-95919
In base 6, what is 1310304423 + -3?
1310304420
In base 16, what is -7ce1 + -1ab?
-7e8c
In base 4, what is -32103122 + -10302?
-32120030
In base 12, what is -16ba24 - 80?
-16baa4
In base 10, what is -1630 + -21352?
-22982
In base 16, what is 3 + 42b699?
42b69c
In base 14, what is -2c - 139594?
-1395c2
In base 10, what is 20854073 - -2?
20854075
In base 12, what is 403453 - -4?
403457
In base 15, what is 139b62 - 3e?
139b23
In base 5, what is 43214122 + 2422?
43222044
In base 3, what is -2212 - -222002212?
222000000
In base 7, what is -1603 + 325125?
323222
In base 12, what is -4 - -517454?
517450
In base 14, what is 3 - 12158bc0?
-12158bbb
In base 16, what is 47 + -f4b98?
-f4b51
In base 8, what is 103 + -160416?
-160313
In base 9, what is 4043 - -121604?
125647
In base 3, what is -101211120212 + 1020?
-101211112122
In base 4, what is 211020132 + 22?
211020220
In base 16, what is -4 + 39fdd4?
39fdd0
In base 15, what is 2bb6d3e + b?
2bb6d4a
In base 7, what is -162 + -534256?
-534451
In base 3, what is 2 - 120202120100101?
-120202120100022
In base 8, what is -27533767 + -54?
-27534043
In base 10, what is -3 - 12138672?
-12138675
In base 4, what is -3 + 1112101023?
1112101020
In base 4, what is 110122232012 + 1?
110122232013
In base 4, what is 10123103 - 211302?
3311201
In base 11, what is -1 + -4860552?
-4860553
In base 6, what is 4 - 1535242422?
-1535242414
In base 15, what is -6 - -298db1e?
298db18
In base 11, what is a + 5723a?
57249
In base 13, what is 2cc4247 + -2?
2cc4245
In base 13, what is 23 + -82b427?
-82b404
In base 5, what is 113043234 + -311?
113042423
In base 6, what is -32042314 + -4?
-32042322
In base 4, what is -302300133330012 + 1?
-302300133330011
In base 4, what is -100 - 123220213002?
-123220213102
In base 3, what is 10 + -2012220222100122?
-2012220222100112
In base 7, what is 126231 - 4031?
122200
In base 7, what is 630505 - -4?
630512
In base 12, what is -40 + -49300b?
-49304b
In base 11, what is -24167018 + 4?
-24167014
In base 13, what is -200488b + -3?
-2004891
In base 10, what is -129336 + -2021?
-131357
In base 11, what is -90 - -234a45?
234965
In base 15, what is -24 - 4ddae8?
-4ddb1c
In base 9, what is 1150548308 - -4?
1150548313
In base 16, what is -d6e - 3ee?
-115c
In base 5, what is -10 + -301233342?
-301233402
In base 7, what is 535 + -252311?
-251443
In base 9, what is -4278167 + -4?
-4278172
In base 9, what is -5 - 2188118?
-2188124
In base 2, what is 100101010 - -1000110100000101?
1000111000101111
In base 12, what is -15a2 + -2a7a?
-4460
In base 5, what is -3 - -41100243?
41100240
In base 8, what is 61606 + 1464?
63272
In base 16, what is -ce0 - -926?
-3ba
In base 7, what is -3061 + -405250?
-411341
In base 7, what is -2316134 - -3510?
-2312324
In base 14, what is 150 - 4876b?
-4861b
In base 13, what is 3 - -8c61238?
8c6123b
In base 5, what is -2 - 231412200?
-231412202
In base 4, what is 12022231031 - 20?
12022231011
In base 9, what is 6238560333 + -4?
6238560328
In base 16, what is aee3e - 1c?
aee22
In base 8, what is 1015774 - -2031?
1020025
In base 15, what is -1ce0 - -19ca?
-315
In base 5, what is -1301432033 - -210?
-1301431323
In base 11, what is -a665 - 2970?
-12525
In base 5, what is -30014 - 230031?
-310100
In base 4, what is 10002013332222 + -10?
10002013332212
In base 9, what is -13048 + 1372?
-11566
In base 6, what is 334 + 1212?
1550
In base 15, what is -e675ce + -2c?
-e6760b
In base 15, what is 7a + 20313?
2038d
In base 16, what is 9d1ec - c?
9d1e0
In base 13, what is -4c + 40cb5?
40c66
In base 14, what is 3aa5c3 - 49?
3aa578
In base 16, what is -3 + 406897?
406894
In base 4, what is -3 + 322031011?
322031002
In base 10, what is 727529 + 23?
727552
In base 8, what is -2 - -5572401?
5572377
In base 12, what is 34361 - 248?
34115
In base 6, what is 24510303 + -312?
24505551
In base 10, what is 9 + -13924426?
-13924417
In base 8, what is 2 - -3372540?
3372542
In base 14, what is -19 - -659b3?
65998
In base 8, what is -26315601 - -3?
-26315576
In base 14, what is -12cabc0 - 0?
-12cabc0
In base 12, what is b8a + 26130?
270ba
In base 16, what is 5de8b30 + -5?
5de8b2b
In base 10, what is 166501 + -792?
165709
In base 3, what is 0 + 1011010111012021?
1011010111012021
In base 12, what is 421932 - b5?
421839
In base 6, what is 22312 - -12340?
35052
In base 2, what is 110 - -11000100110000010?
11000100110001000
In base 8, what is -6 - 170305020?
-170305026
In base 16, what is -199 - -1171c?
11583
In base 14, what is -cc67274 + 5?
-cc6726d
In base 2, what is 101 + 11111010111111111011011?
11111010111111111100000
In base 16, what is -1 - -dc2ac7?
dc2ac6
In base 6, what is 511003214 + -15?
511003155
In base 9, what is 5 - -181707?
181713
In base 11, what is 143343a4 + 4?
143343a8
In base 16, what is -1062 - -6d56?
5cf4
In base 3, what is 11221 - 100200222212101?
-100200222200110
In base 13, what is c - 111743?
-111734
In base 16, what is 1 - -edd5bd?
edd5be
In base 12, what is 3293 + -86a44?
-83771
In base 5, what is -3303 - -1123021?
1114213
In base 3, what is 121200220 - 1001221101?
-110020111
In base 16, what is 567369 + -5?
567364
In base 8, what is 240344 + 121?
240465
In base 3, what is 121111200011 - 100211?
121111022100
In base 8, what is -1005 + -12427007?
-12430014
In base 10, what is 18455262 + -1?
18455261
In base 16, what is 695285 - ab?
6951da
In base 3, what is -100 + 210110111022100?
210